(-2).
6
Let k(c) = -3*c**2 + 68*c - 32. What is k(22)?
12
Let d(u) = -u**2 - 16*u - 42. Calculate d(-13).
-3
Let j(h) = -5*h + 7. What is j(9)?
-38
Let k(b) = 2*b**2 - 32*b + 22. What is k(13)?
-56
Let n(i) = i**2 + 17*i + 25. Determine n(-15).
-5
Let y(k) = k**3 - 9*k**2 - 2*k + 3. Determine y(9).
-15
Let q(h) = -2*h**3 - h**2 + 10*h + 3. Calculate q(-4).
75
Let q(i) = -10*i**3 - 3*i**2 + 2*i + 5. Determine q(-2).
69
Let b(t) = -4*t - 6. Calculate b(-3).
6
Let t(q) = -q**3 + 12*q**2 - 26*q + 55. Determine t(10).
-5
Let g(z) = z**3 - 3*z**2 - 5*z - 2. Calculate g(4).
-6
Let i(q) = q**2 + 14*q - 10. Determine i(-15).
5
Let g(l) = l**3 - 18*l**2 - 1. Give g(18).
-1
Let h(o) = -o**3 + 3*o**2 + 27*o + 36. Determine h(-2).
2
Let d(x) = -x**2 + 15*x + 5. What is d(8)?
61
Let y(l) = 7*l + 218. What is y(-27)?
29
Let r(d) = -d**3 + d**2 + d - 51. Determine r(0).
-51
Let d(c) = c**3 - 2*c**2 + c. Calculate d(1).
0
Let p(r) = -3*r + 6. Calculate p(6).
-12
Let k(v) = 2*v**2 - 23*v - 3. Give k(10).
-33
Let s(n) = -2*n**3 - 2*n**2 + 4*n + 5. What is s(-2)?
5
Let a(d) = -d**3 - 3*d**2 + 6*d + 6. Determine a(-3).
-12
Let d(x) = x**3 - 3*x**2 + 2*x. Give d(4).
24
Let m(n) = -4*n**2 - 10*n. What is m(-3)?
-6
Let a(f) = -f + 1. Determine a(26).
-25
Let y(w) = -w**2 - 29*w - 19. Calculate y(-22).
135
Let t(o) = -12*o**2 - 70*o + 9. What is t(-6)?
-3
Let j(g) = 15*g**3 + 2*g**2 - 1. Determine j(-2).
-113
Let w(k) = -k**3 - 20*k**2 - 76*k - 23. What is w(-15)?
-8
Let t(r) = -2*r**2 - 4*r + 4. Calculate t(4).
-44
Let d(m) = m**3 + 24*m**2 - 52*m + 5. Calculate d(-26).
5
Let r(h) = 2*h**2 - 11*h - 23. Calculate r(11).
98
Let t(f) = f**3 + f**2 - f + 5. What is t(0)?
5
Let f(n) = -n + 7. What is f(11)?
-4
Let f(c) = c + 35. Calculate f(-28).
7
Let m(k) = -2*k**3 - 31*k**2 - 13*k + 31. Give m(-15).
1
Let q(y) = y**2 + 5*y - 5. Give q(-6).
1
Let r(w) = -w**2 + 17*w + 64. Determine r(-4).
-20
Let g(z) = -z - 5. Determine g(2).
-7
Let l(f) = -56*f**2 + 2*f + 2. Determine l(-1).
-56
Let h(u) = -u**2 - 29*u - 61. Give h(-27).
-7
Let w(c) = -2*c - 1. Determine w(12).
-25
Let n(u) = 2*u**2 + 7*u - 14. Determine n(-5).
1
Let c(x) = -x**2 + 5*x - 9. Give c(7).
-23
Let i(a) = -a**3 - 4*a**2 + 6*a + 6. What is i(-4)?
-18
Let j(x) = -x**2 + 21*x - 2. Determine j(18).
52
Let u(p) = p**3 + 3*p**2 - 9*p - 22. Give u(-5).
-27
Let r(g) = 3*g + 29. What is r(-12)?
-7
Let r(x) = 3*x - 77. Give r(18).
-23
Let a(v) = 18*v + 7. Determine a(3).
61
Let x(r) = -r**3 + 5*r**2 + 6*r + 12. Determine x(6).
12
Let s(h) = -h**3 - 6*h**2 - 9*h - 3. Determine s(-4).
1
Let s(t) = -2*t**2 - 5*t + 2. Give s(-4).
-10
Let o(a) = -a**3 - 24*a**2 + 29*a + 110. Calculate o(-25).
10
Let k(v) = v**3 + 10*v**2 + 8*v - 10. What is k(-9)?
-1
Let w(g) = g**3 + 4*g**2 + 3*g. What is w(-3)?
0
Let s(q) = q**2 + 4*q - 29. Give s(-7).
-8
Let y(j) = -6*j. Determine y(-3).
18
Let l(t) = t**3 + 3*t**2 + t - 2. Determine l(-3).
-5
Let f(t) = -2*t**2 - 28*t - 142. What is f(-6)?
-46
Let k(l) = -11*l**2 + l + 3. Determine k(2).
-39
Let d(n) = -n + 6. What is d(-21)?
27
Let r(n) = n + 42. Determine r(-25).
17
Let n(y) = y**3 + 8*y**2 - 10*y + 3. Calculate n(-9).
12
Let k(v) = -v**3 + 6*v**2 + 8*v - 8. Give k(7).
-1
Let i(p) = -2*p**2 - 4*p + 9. Calculate i(2).
-7
Let v(w) = 4*w - 1. Give v(-1).
-5
Let w(a) = -a**3 + 8*a**2 + 9*a - 13. Give w(9).
-13
Let t(o) = -2*o**3 + 5*o**2 - 5*o + 8. What is t(3)?
-16
Let v(j) = -3*j**2 + 17*j + 3. Determine v(4).
23
Let k(j) = -2*j**2 - 17*j - 10. Give k(-8).
-2
Let h(r) = 3*r - 22. What is h(8)?
2
Let y(g) = -g**2 + g + 17. Give y(5).
-3
Let c(u) = u**2 - 9*u + 29. Determine c(7).
15
Let f(b) = -b**3 - b**2 + 12*b + 4. What is f(-4)?
4
Let p(b) = -48*b**3 + b**2 + 4*b + 2. Give p(-1).
47
Let p(h) = -h**2 - 6*h + 14. Calculate p(-8).
-2
Let b(o) = -12*o - 27. What is b(-5)?
33
Let o(j) = -2*j**3 + 8*j**2 + 3*j - 23. Give o(4).
-11
Let j(i) = i**3 + 14*i**2 + i + 21. Determine j(-14).
7
Let s(c) = -56*c + 620. Give s(11).
4
Let t(h) = 13*h**2 + h - 2. Give t(1).
12
Let s(v) = -v**2 + 10*v - 10. Determine s(10).
-10
Let m(v) = -v**2 - 12*v - 11. What is m(-9)?
16
Let s(v) = 20*v + 882. What is s(-44)?
2
Let o(f) = f - 5. Calculate o(14).
9
Let u(y) = 3*y**2 + 24*y + 96. What is u(-8)?
96
Let n(m) = -m**3 + 6*m**2 + 7*m + 1. Give n(7).
1
Let m(o) = 2*o**2 + 8*o - 18. Calculate m(-6).
6
Let z(y) = -y**3 - 9*y**2 - 10*y - 17. Calculate z(-8).
-1
Let d(s) = -3*s**2 - 21*s - 24. Calculate d(-5).
6
Let y(c) = c**2 + 2*c + 9. What is y(0)?
9
Let y(i) = i + 45. Give y(-32).
13
Let s(u) = -u**2 - 14*u - 12. Give s(-11).
21
Let x(j) = 2*j**3 - 3*j**2 - 5*j - 4. What is x(-3)?
-70
Let z(t) = 3*t + 62. Give z(-18).
8
Let t(r) = r**3 - r**2 + 2*r - 6. Give t(2).
2
Let x(m) = 2*m - 3. Give x(-6).
-15
Let n(m) = -m**2 + 16*m - 19. Give n(15).
-4
Let j(n) = n**2 + 6*n + 11. Determine j(-7).
18
Let u(f) = 2*f**2 + 11*f + 22. Determine u(-2).
8
Let r(l) = 2*l**2 - 2*l - 44. Calculate r(-4).
-4
Let l(m) = m + 3. Determine l(-7).
-4
Let i(n) = -2*n**3 + 20*n**2 - 29*n - 6. Determine i(8).
18
Let t(a) = 2*a - 3. Give t(1).
-1
Let y(a) = a + 4. Give y(-13).
-9
Let t(x) = -5*x**3 + 2*x**2 - 2*x - 2. Give t(2).
-38
Let n(i) = -2*i - 2. Give n(-1).
0
Let u(j) = 6*j - 10. Determine u(4).
14
Let d(i) = 3*i - 73. Determine d(19).
-16
Let f(v) = 6*v + 61. Calculate f(-11).
-5
Let j(i) = 19*i + 157. What is j(-8)?
5
Let w(m) = -m**3 - 13*m**2 - 15*m - 13. Determine w(-12).
23
Let r(u) = -88*u + 968. Give r(11).
0
Let q(s) = s**2 + 10*s + 6. Calculate q(-8).
-10
Let z(u) = u**2 - 5*u - 8. Calculate z(6).
-2
Let w(b) = 11*b + 63. Give w(-6).
-3
Let b(g) = -2*g**2 + 2*g + 6. Give b(0).
6
Let v(m) = -m**2 - 2*m + 220. Calculate v(0).
220
Let z(d) = -d - 8. What is z(10)?
-18
Let u(f) = -24*f. Calculate u(1).
-24
Let i(w) = 2*w**2 - 7*w - 26. Calculate i(9).
73
Let d(a) = -4*a - 18. Calculate d(9).
-54
Let m(w) = 2*w**2 - 27*w + 80. Determine m(4).
4
Let k(f) = f**2 - 10*f + 2. Give k(12).
26
Let o(g) = -3*g**2 - g + 7. Calculate o(-4).
-37
Let h(d) = 46*d + 1. Determine h(-1).
-45
Let a(z) = 9*z**2 + z + 2. Determine a(-2).
36
Let l(r) = 7*r - 133. Determine l(16).
-21
Let v(x) = 34*x - 30. Give v(1).
4
Let o(c) = -c**3 - 45*c**2 + 85*c - 427. What is o(-47)?
-4
Let s(a) = a**3 - 4*a**2 - 13*a + 10. Determine s(6).
4
Let x(f) = 2*f**2 - 29*f - 37. Determine x(14).
-51
Let s(m) = -m**3 + 11*m**2 - 4*m + 29. Calculate s(11).
-15
Let c(m) = m**2 - 11*m + 6. Determine c(15).
66
Let s(b) = 7*b - 9. Give s(7).
40
Let w(z) = -z**3 + 8*z**2 - 1. Calculate w(8).
-1
Let r(g) = g**2 - 10*g - 14. Calculate r(11).
-3
Let t(u) = 10*u. Determine t(1).
10
Let s(n) = -2*n**2 + 14*n + 60. What is s(-4)?
-28
Let c(b) = 3*b - 22. Determine c(8).
2
Let i(y) = -7*y + 110. Give i(13).
19
Let r(x) = -3*x**2 + 4*x. Calculate r(3).
-15
Let o(m) = -m**3 + 4*m**2 - 2*m + 1. Determine o(3).
4
Let o(j) = 4*j + 42. Give o(-16).
-22
Let h(a) = -a**2 + 2*a - 1. Calculate h(2).
-1
Let j(n) = 5*n + 3. What is j(-5)?
-22
Let z(y) = y - 6. What is z(-6)?
-12
Let r(z) = -z**2 + 13*z - 30. Determine r(6).
12
Let q(l) = -6*l + 1. What is q(2)?
-11
Let g(j) = -j + 14. Give g(7).
7
Let p(u) = 4*u + 1. What is p(1)?
5
Let u(y) = -y**2 + 4*y. Calculate u(4).
0
Let x(i) = i**3 - 18*i**2 - 10*i - 175. Determine x(19).
-4
Let a(x) = -x**3 - 4*x**2 + 5*x - 6. What is a(-5)?
-6
Let o(k) = -3*k**2 - 74*k + 34. What is o(-25)?
9
Let a(o) = -3*o + 27. What is a(12)?
-9
Let s(l) = l + 9. Calculate s(-10).
-1
Let k(l) = -l**3 + 40*l**2 - 75*l - 41. Determine k(38).
-3
Let r(j) = j**2 + 15*j - 23. What is r(-17)?
11
Let x(q) = q**2 + 6*q + 5. Calculate x(-6).
5
Let s(h) = 16*h + 12. What is s(-6)?
-84
Let m(q) = -13*q**2 - 17*q. Determine m(-2).
-18
Let y(x) = -x**3 + 20*x**2 - 38*x + 34. What is y(18)?
-2
Let b(m) = -4*m**2 + 5*m - 2. What is b(2)?
-8
Let t(k) = -k**2 + 12*k + 21. What is t(14)?
-7
Let w(u) = 2*u**3 - 3*u. What is w(0)?
0
Let d(g) = 8*g**2 + 2*g + 2. Calculate d(-1).
8
Let l(g) = 14*g - 373. Give l(26).
-9
Let n(x) = -x**2 - 3*x + 2. What is n(4)?
-26
Let r(m) = 3*m + 54. Give r(-18).
0
Let k(p) = -p - 43. Calculate k(-13).
-30
Let y(f) = 43*f + 298. What is y(-7)?
-3
Let p(j) = 6*j - 12. Calculate p(6).
24
Let r(y) = -y**2 - 171. Determine r(0).
-171
Le